f9
What is 343 (base 9) in base 8?
432
What is -1112012 (base 3) in base 5?
-13422
144 (base 5) to base 9
54
What is 111010011 (base 2) in base 14?
255
What is -241 (base 10) in base 16?
-f1
What is 31 (base 4) in base 5?
23
-754 (base 10) to base 3
-1000221
Convert -203022 (base 7) to base 13.
-12a11
Convert 1100110100 (base 2) to base 15.
39a
What is 11011 (base 4) in base 12?
231
What is 22031 (base 4) in base 15?
2d8
Convert -a55d (base 14) to base 8.
-67527
Convert 1156 (base 12) to base 6.
12550
-35511 (base 7) to base 15
-2ab6
Convert 3e44 (base 16) to base 13.
7342
What is -7830 (base 9) in base 13?
-2826
-136 (base 11) to base 4
-2200
What is -1010100111000 (base 2) in base 11?
-4099
What is -12324 (base 5) in base 16?
-3c4
-258 (base 16) to base 8
-1130
What is 301002 (base 4) in base 13?
1575
Convert -4387 (base 10) to base 6.
-32151
Convert -ba (base 15) to base 5.
-1200
Convert -1598 (base 15) to base 11.
-3541
Convert -4798 (base 13) to base 9.
-14757
-3432112 (base 5) to base 3
-10010101222
Convert -19746 (base 12) to base 15.
-b100
-302506 (base 7) to base 13
-1a4b8
What is -242 (base 11) in base 6?
-1200
Convert 6a24 (base 12) to base 10.
11836
Convert 2593 (base 10) to base 12.
1601
What is 8ec (base 16) in base 4?
203230
1430 (base 14) to base 11
2756
-283c (base 13) to base 11
-43a0
Convert 174 (base 13) to base 12.
1a0
Convert 612 (base 11) to base 5.
10424
Convert -16006 (base 7) to base 2.
-1000101110001
Convert -472 (base 9) to base 4.
-12011
What is -32155 (base 6) in base 9?
-6018
20050 (base 8) to base 10
8232
What is -111443 (base 6) in base 14?
-3639
Convert -511 (base 6) to base 14.
-d5
-808 (base 10) to base 13
-4a2
Convert -23301 (base 4) to base 10.
-753
What is -64 (base 12) in base 9?
-84
Convert -16c24 (base 13) to base 15.
-cea1
What is 4664 (base 7) in base 6?
11532
-100 (base 15) to base 2
-11100001
Convert -324 (base 5) to base 12.
-75
Convert 132014 (base 5) to base 6.
40203
What is 2892 (base 10) in base 11?
219a
What is -12677 (base 11) in base 3?
-220211212
Convert 17403 (base 9) to base 13.
55c5
5711 (base 13) to base 11
9175
Convert 1d21 (base 16) to base 9.
11205
-250 (base 9) to base 11
-179
What is 10021033 (base 4) in base 16?
424f
Convert 354 (base 13) to base 3.
210100
What is 2a25 (base 12) in base 7?
20234
Convert 2596 (base 12) to base 5.
114130
13312 (base 4) to base 7
1315
Convert -806d (base 14) to base 7.
-121166
Convert -121413 (base 5) to base 16.
-1200
Convert -1329 (base 12) to base 14.
-b29
Convert -101001101001101 (base 2) to base 15.
-64ba
Convert -1211 (base 7) to base 3.
-121122
10250 (base 7) to base 9
3425
Convert -180e (base 16) to base 15.
-1c58
Convert 120 (base 6) to base 10.
48
-5013 (base 6) to base 5
-13324
Convert -14672 (base 9) to base 4.
-2130230
Convert -22207 (base 8) to base 12.
-54b3
157 (base 8) to base 12
93
Convert 22ab (base 13) to base 5.
123443
Convert 13550 (base 6) to base 9.
2853
Convert -12150 (base 7) to base 10.
-3171
What is 301 (base 15) in base 14?
364
What is -9a76 (base 14) in base 16?
-6888
What is -6d7 (base 14) in base 16?
-555
Convert 101c0 (base 15) to base 8.
143526
4672 (base 14) to base 9
17723
Convert 225315 (base 6) to base 2.
100101110001111
Convert -942a (base 12) to base 3.
-211011121
What is -706 (base 12) in base 10?
-1014
-5001 (base 6) to base 5
-13311
Convert 846 (base 10) to base 3.
1011100
What is -4324 (base 9) in base 12?
-1a11
15775 (base 10) to base 16
3d9f
Convert -110231 (base 6) to base 4.
-2033023
Convert 2404 (base 7) to base 15.
3e1
Convert -10011010100 (base 2) to base 15.
-576
What is b92 (base 15) in base 5?
40422
What is 5 (base 7) in base 9?
5
Convert 116 (base 13) to base 3.
20222
Convert 1350 (base 6) to base 14.
1b4
Convert 135cc (base 13) to base 8.
106505
1291 (base 10) to base 13
784
What is 1623 (base 10) in base 12?
b33
Convert 6e6e (base 16) to base 8.
67156
Convert a6f (base 16) to base 9.
3587
What is 350 (base 7) in base 6?
502
-41c (base 13) to base 9
-858
What is -2167 (base 8) in base 11?
-94a
-800 (base 10) to base 9
-1078
What is 277 (base 8) in base 14?
d9
22401 (base 6) to base 10
3169
-130011 (base 4) to base 15
-7ec
What is 726 (base 15) in base 5?
22421
12000 (base 4) to base 16
180
1938 (base 11) to base 14
c7b
Convert -921 (base 15) to base 16.
-808
What is 35202 (base 6) in base 9?
6822
Convert 111202210 (base 3) to base 16.
2736
What is 170 (base 14) in base 9?
356
2332 (base 15) to base 8
16460
Convert 174 (base 13) to base 8.
410
What is -12051 (base 9) in base 4?
-1332001
What is 1002012121 (base 3) in base 10?
21292
What is 143354 (base 6) in base 10?
13750
101001110111 (base 2) to base 3
10200020
What is 565 (base 7) in base 8?
444
114301 (base 5) to base 10
4326
-117a9 (base 13) to base 9
-48004
Convert -4303 (base 7) to base 9.
-2071
Convert -44700 (base 9) to base 6.
-345343
-1010101011 (base 2) to base 3
-221022
What is 1224401 (base 5) in base 11?
1690a
Convert 14654 (base 9) to base 2.
10011100011100
Convert -224431 (base 5) to base 6.
-101324
What is -346 (base 11) in base 6?
-1525
320 (base 4) to base 16
38
What is -b87 (base 14) in base 11?
-1789
Convert 12101012 (base 3) to base 14.
1600
Convert -86a3 (base 12) to base 5.
-433221
-2a04 (base 15) to base 5
-242004
What is 389 (base 10) in base 3?
112102
32532 (base 10) to base 13
11a66
Convert 10220 (base 5) to base 3.
221101
Convert 30023 (base 4) to base 3.
1001212
What is 240 (base 7) in base 6?
330
Convert 4636 (base 15) to base 8.
35065
Convert -711 (base 15) to base 11.
-1217
-433b (base 13) to base 11
-7026
What is 403 (base 5) in base 11?
94
What is 3535 (base 6) in base 8?
1523
-13321 (base 4) to base 3
-200201
2122221112 (base 3) to base 15
10818
Convert 1100000100010 (base 2) to base 13.
2a73
Convert 5b5 (base 13) to base 12.
6a9
410 (base 9) to base 8
515
-110000120 (base 3) to base 15
-28e3
Convert -6b0 (base 13) to base 2.
-10010000101
What is -1432 (base 5) in base 2?
-11110010
Convert -132 (base 5) to base 7.
-60
Convert 12671 (base 10) to base 16.
317f
-42 (base 12) to base 8
-62
Convert 603 (base 12) to base 13.
519
12121110 (base 3) to base 6
30533
Convert -190b (base 13) to base 7.
-13605
What is -1100011101 (base 2) in base 9?
-1075
235 (base 11) to base 4
10120
-1c45 (base 13) to base 3
-12212121
Convert -161 (base 9) to base 8.
-210
What is 806 (base 14) in base 12?
ab2
Convert 102130 (base 4) to base 12.
824
Convert -1894 (base 16) to base 2.
-1100010010100
-44133 (base 8) to base 7
-105001
-392 (base 13) to base 15
-2bb
-3103 (base 8) to base 13
-964
13554 (base 9) to base 16
23f2
12ca (base 13) to base 15
c01
-6116 (base 7) to base 6
-13452
Convert 1001212 (base 3) to base 7.
2162
959 (base 12) to base 15
610
-3302 (base 5) to base 10
-452
Convert 513 (base 7) to base 2.
11111111
104133 (base 6) to base 10
8697
What is -1001110000111 (base 2) in base 7?
-20401
What is 70c8 (base 14) in base 3?
222120221
Convert -220 (base 13) to base 5.
-2424
326 (base 10) to base 8
506
Convert 1d3 (base 16) to base 13.
29c
What is -21000121 (base 3) in base 4?
-1033333
What is 484 (base 11) in base 16?
240
Convert 34c (base 16) to base 11.
6a8
Convert 5332 (base 6) to base 8.
2270
What is 2312210 (base 5) in base 16?
a253
Convert -6278 (base 12) to base 3.
-112202002
What is 5487 (base 14) in base 15?
44ed
Convert -1065 (base 7) to base 13.
-240
Convert -5642 (base 7) to base 12.
-121b
What is -110120012 (base 3) in base 16?
-23c6
321233 (base 4) to base 13
18b3
What is 2446 (base 15) in base 5?
221331
2a657 (base 13) to base 15
18b53
What is -102567 (base 8) in base 10?
-34167
Convert 1567 (base 8) to base 10.
887
Convert 1876 (base 14) to base 6.
32240
Convert -3899 (base 16) to base 6.
-151025
Convert -953 (base 11) to base 5.
-14042
What is -5953 (base 11) in base 14?
-2bb4
Convert -18c99 (base 13) to base 16.
-bca3
What is 146a (base 13) in base 9?
4050
6120 (base 8) to base 12
19a8
What is 65a7 (base 11) in base 5?
234313
Convert 14222 (base 5) to base 3.
1121222
6782 (base 9) to base 4
1032113
What is -6376 (base 9) in base 4?
-1021032
367a (base 11) to base 4
1023012
6839 (base 10) to base 15
205e
What is -100010011110000 (base 2) in base 15?
-5368
What is -535 (base 12) in base 2?
-1011111001
-13